(-21) - x/((-182)/4) is divided by 70?
67
Suppose -682 - 1123 - 395 = -50*a. Calculate the remainder when 57 is divided by a.
13
Suppose -6*r + 36 = -132. Suppose 18*u - 16*u - 494 = 0. Calculate the remainder when u is divided by r.
23
What is the remainder when 48265/45 + 12/27 is divided by 31?
19
Suppose -235*p + 39*p = 28*p - 22624. Calculate the remainder when 14642 is divided by p.
98
Let s = 0 + 3. Let h be (-1)/5 - (-180)/(-225). What is the remainder when 55 is divided by (h - 7)/((18/(-12))/s)?
7
Let f = 200 - 196. Suppose 2*u = f*r - 148, -r - 2*r = 4*u - 133. Calculate the remainder when r is divided by 10.
9
Let v(j) = 39*j**2 - 3*j - 10. What is the remainder when v(4) is divided by 55?
52
Suppose -3*h = -2*n + 649, -3*h + n - 653 = -3*n. Let p = 248 + h. Calculate the remainder when p is divided by (4/(-6) - 3)*-6.
11
Suppose 5*n - 18 = 2*s, 9*s - 23 = -5*n + 6*s. Suppose 5*v - n*m = 872 + 473, 4*v = -3*m + 1076. Calculate the remainder when v is divided by 39.
35
Let m = -15543 + 16272. Calculate the remainder when m is divided by 328.
73
Let a(j) = -3*j**3 + 4 - 2 - 3*j + 6*j + 32*j**2 - 33*j**2. Calculate the remainder when 37 is divided by a(-2).
5
Suppose 0 = -2*g - 5*u + 4055, -3*g + 5*u - 1411 + 7531 = 0. Calculate the remainder when g is divided by 255.
250
Let n be -362*(-3)/54 + (-6)/54. Calculate the remainder when (-8 + 144/n)/((-2)/190) is divided by 20.
16
Suppose 0 = -16*c + 5331 - 3331. Calculate the remainder when c is divided by 75.
50
Let k(c) = -c**3 + 2*c**2 - 19*c - 52. Calculate the remainder when k(-12) is divided by 51.
50
Let s = 2324 + -2307. Calculate the remainder when 81 is divided by s.
13
Suppose -12 = -2*c, -4*m + 3*c + 3 = -335. Calculate the remainder when 8988 is divided by m.
88
Let b = 22 + -17. Suppose -b*w + 28 = -2. Calculate the remainder when 47 is divided by w.
5
Let o(r) = -2*r**2 + 17*r + 55. What is the remainder when 5929 is divided by o(8)?
7
Let h(t) = 33*t + 723. Suppose -2*x = 0, x - 39 = -3*r - 2*x. Calculate the remainder when h(-21) is divided by r.
4
Suppose 5*v - 1566 = 15864. What is the remainder when v is divided by 32?
30
Suppose 4*a + 4*y + 1112 = 0, 5*a + 2*y - y = -1370. What is the remainder when a/(-6)*((-8)/4 - -4) is divided by 23?
22
Suppose -31 + 0 = -i. Suppose 51*d - 17*d - 908 = -160. What is the remainder when i is divided by d?
9
What is the remainder when 1304 is divided by (615 - 1)*(3 + (-45)/18)?
76
Suppose 5*m = -5*o - 0*o, 6 = -4*m - 2*o. What is the remainder when (-3)/(m - 3) + 299/2 is divided by 17?
14
Let p(s) = -6791*s - 6766. Suppose -f - 5*u = -75, -2*f = u - 6*u - 195. What is the remainder when f is divided by p(-1)?
15
Suppose -2*k = -196 + 46. Let m = -69 + k. Suppose -m*p = -37 - 35. What is the remainder when 57 is divided by p?
9
Let h(x) = x**3 - 70*x**2 - 81*x + 758. What is the remainder when 94 is divided by h(71)?
46
Let r be (-2581)/(-174) + 2/12. Suppose r*b = -8*b + 1725. Calculate the remainder when b is divided by 20.
15
Suppose 0 = -10*f + 12*f - 1316. What is the remainder when f is divided by 22?
20
Let h(r) = -182*r**3 + 4*r**2 + 2*r + 2. Calculate the remainder when 926 is divided by h(-1).
182
Let b = -262 + 264. Let h = 21 - 29. Let z(n) = -n**3 - 9*n**2 - 8*n + 2. What is the remainder when b is divided by z(h)?
0
Let s(u) = -u**3 + 8*u**2 + 14*u - 43. Let t be s(9). What is the remainder when 108 is divided by (t/1 - -1) + (30 - -23)?
52
Suppose 28*s = -4810 - 6642. What is the remainder when 52/260 - 1/(5/s) is divided by 42?
40
Let j = -1 - -3. Suppose -5*t = -y - j - 73, -65 = -5*t - y. Suppose -3*b - 3*n + 239 = 17, -4*b - n = -281. What is the remainder when b is divided by t?
13
Let y(s) = s**3 - 8*s**2 - s + 21. Suppose -m - 29 = -x, 7*x - 2*m = 6*x + 24. What is the remainder when y(11) is divided by x?
33
Let w(q) = 370*q + 14460. Calculate the remainder when (294 + (2 - 3))*1 is divided by w(-39).
23
Let s(k) = -k**3 - 6*k - 5. Suppose 31*o = 115*o - 2091 - 2445. Calculate the remainder when s(-5) is divided by o.
42
Let k(m) be the first derivative of -6*m**2 - 1/3*m**3 + 31*m + 5. What is the remainder when k(-13) is divided by 10?
8
Suppose 7*l + 45 = -4*q + 6*l, -2*q - 27 = 5*l. Calculate the remainder when (-2 - -20)*(-10 - q) is divided by 5.
3
Let d(a) = -31*a**2 + 237*a + 7. What is the remainder when 11905 is divided by d(7)?
145
Suppose 24 = 9*s - 48. What is the remainder when 114/5 + s/40 is divided by 8?
7
Suppose -8*l - 285 = -3*d - 5*l, 0 = -l - 3. What is the remainder when d is divided by 25?
17
Suppose 108 = y - q, 4*y - 2*q - 214 - 226 = 0. Suppose -2*u = 3*u + 390. Let d = y + u. Calculate the remainder when 169 is divided by d.
33
Let h = 309 - 287. Suppose -2*j = -4*c + h, -3*j - 10 - 2 = -3*c. What is the remainder when 31 is divided by c?
3
Suppose -i - 333 = -10*i. Let f = i - 33. Suppose -2*c - 45 = -5*h + 11, 0 = -5*h - f*c + 38. Calculate the remainder when h is divided by 7.
3
Let d be (72/(-48))/((-2)/(-316)). Let a = d + 241. Calculate the remainder when 5 is divided by a.
1
Let j(n) = 11*n**2 + 264*n - 269. Calculate the remainder when j(-25) is divided by -1*6/(-4)*2.
0
Suppose -3*p + 34 = 3*m - 5, 4*m - 42 = p. Suppose 10 = m*t - 45. Suppose t*a - 7 - 38 = 0. Calculate the remainder when a is divided by 6.
3
Suppose -3*r + 48255 = 10*r + 2*r. What is the remainder when r is divided by 1608?
1
Suppose -3*w = -3*c - 2280, -15*c - 3812 = -5*w - 12*c. Calculate the remainder when w is divided by 178.
54
Suppose 0 = -156*m + 136*m + 380. What is the remainder when 154 is divided by m?
2
Let c = -7174 + 7190. What is the remainder when 2142 is divided by c?
14
Let u(w) = w + 50 + 9*w**2 + 7*w - 27 + w**3. Let y be u(-7). Calculate the remainder when 37 is divided by 6/(-9)*1 + y/3.
16
Let m = 373 - 123. Let g = m - 146. Calculate the remainder when g is divided by 24.
8
Suppose 4*o - 2330 = -2*w, 2876 + 603 = 3*w - 2*o. Calculate the remainder when w is divided by 552.
57
Suppose 832 = 5*c + 162. Suppose -5*w + c = -126. Calculate the remainder when w is divided by (-1)/(-2)*((-18)/(-3) - -22).
10
Let l(t) = -t + 16. Suppose -5*h - 6*b + 65 = -3*b, -35 = -5*h + 3*b. Let i be l(h). Suppose -2*o - 928 = -i*o. What is the remainder when o is divided by 39?
37
Suppose l + 4890 = -9*l. Calculate the remainder when (-5)/((-20)/16) - l is divided by 62.
59
Suppose 3*d = 2*x + 353, -605 = 2*d - 7*d - 5*x. Suppose -124*c = -d*c - 95. What is the remainder when 164 is divided by c?
12
Suppose -8*p = -28*p + 2*p + 5742. Calculate the remainder when p is divided by 204.
115
What is the remainder when 555 is divided by (-304795)/(-8695) - (-4)/(-74)?
30
Suppose -166 = 2*s - 0*s + b, -5*s = -3*b + 426. Let p(q) = 2*q**2 + 2*q + 3. Calculate the remainder when 6/((0 - 7)/s) is divided by p(-3).
12
Suppose 29*j - 25*j + 84 = 0. Let q be 8/14*2 + 3/j. Let g(k) = 32*k**3 - k**2. What is the remainder when 90 is divided by g(q)?
28
Suppose 4*y - 4*b = 24, 4*b - 6*b = -y + 7. Suppose -a + 32 = -3*r, -r = -y*r + 20. What is the remainder when 86 is divided by a?
39
Suppose 27 - 141 = -3*h. What is the remainder when h is divided by -3*(-21)/9 + (-520)/(-40)?
18
Let y(p) be the second derivative of -p**4/12 - p**3/3 + 3*p**2 + 31*p. Let o be y(0). What is the remainder when ((-2)/(-6))/(o*6/15444) is divided by 24?
23
Let a = 3682 + -3679. What is the remainder when 803 is divided by a?
2
What is the remainder when 16333 is divided by (-341)/3*69/(-253)?
27
Suppose k - 2*u - 759 = 0, 23*k - 20*k + 5*u = 2277. Let w = k - 305. What is the remainder when w is divided by 38?
36
Let j(q) = 45*q + 19. Let r(z) = -z. Let b(c) = -j(c) - 6*r(c). Calculate the remainder when 115 is divided by b(-2).
56
Suppose 0 = -x - 3*p, -x = -5*p - 0*p - 8. Suppose 0 = k + 3*k. Suppose n - 59 + 10 = k. What is the remainder when n is divided by x?
1
Let a = 12689 + -12642. What is the remainder when 1838 is divided by a?
5
Suppose -186620*x + 186583*x + 6068 = 0. Let n = 73 - 39. Calculate the remainder when x is divided by n.
28
Let q be (-3 - (-68)/24) + 38/12. Suppose q = 5*v - 87. Calculate the remainder when v is divided by 10.
8
Let m(r) = -15*r + 575. Calculate the remainder when 1004 is divided by m(25).
4
S